Let l(n) = -n**2 + 2*n - 97. Determine l(0).
-97
Let g(j) = -j**2 + 13*j - 22. Determine g(11).
0
Let r(q) = -5*q**2 - 2*q. What is r(2)?
-24
Let b(t) = -4*t - 7. Calculate b(10).
-47
Let h(r) = -4*r**2 - 2*r - 1. Determine h(-1).
-3
Let t(a) = -a + 2. Calculate t(-9).
11
Let o(d) = 6*d**3 + 4*d**2 + 14*d + 16. Give o(-2).
-44
Let y(n) = 3*n + 30. Give y(-12).
-6
Let j(b) = b**2 - 9*b + 2. Calculate j(10).
12
Let a(s) = 2*s**2 + 5*s - 19. What is a(3)?
14
Let d(a) = -3*a + 14. Calculate d(10).
-16
Let n(l) = -l**2 + 4*l + 17. Give n(7).
-4
Let z(p) = 2*p**3 + 77*p**2 - 34*p + 188. Calculate z(-39).
-7
Let w(l) = -3*l - 3. Calculate w(-5).
12
Let w(b) = 4*b - 1. Determine w(8).
31
Let v(r) = r**3 + 6*r**2 - 3*r - 1. Calculate v(-6).
17
Let j(i) = -13*i + 7. Give j(-8).
111
Let y(j) = -j**3 + 14*j**2 + 14*j + 12. Give y(15).
-3
Let f(s) = -s**2 + 8*s - 8. Give f(4).
8
Let w(t) = -7*t**2 - t - 2. Give w(2).
-32
Let i(t) = 38*t + 3. Give i(-2).
-73
Let x(t) = t**2 - 13*t + 10. Give x(12).
-2
Let k(i) = 3*i - 7. Determine k(-16).
-55
Let p(l) = -11*l + 260. Determine p(23).
7
Let v(t) = -t + 15. Determine v(11).
4
Let j(z) = z**2 - 11*z + 47. Calculate j(9).
29
Let u(a) = -a + 15. Calculate u(13).
2
Let j(m) = 6*m - 11. Determine j(4).
13
Let u(p) = -p**2 + 17*p + 16. Determine u(-1).
-2
Let f(n) = 13*n**2 - n. Give f(1).
12
Let a(h) = 15*h + 79. Calculate a(-5).
4
Let w(f) = f**3 + 11*f**2 + 11*f + 5. What is w(-10)?
-5
Let p(k) = -k**3 + 11*k**2 + 5*k + 6. Determine p(11).
61
Let l(f) = -f**2 + 5. What is l(4)?
-11
Let t(a) = 2*a**3 - 11*a**2 - 16*a + 51. What is t(6)?
-9
Let z(v) = -2*v**2 - 14*v - 2. Give z(-7).
-2
Let b(f) = -6*f**2 - 2*f + 1. Calculate b(2).
-27
Let t(o) = -o**3 + 8*o**2 - 8*o - 4. What is t(7)?
-11
Let s(t) = -t**3 - 7*t**2 - 4*t + 13. Determine s(-6).
1
Let y(a) = 9*a + 35. Give y(-5).
-10
Let q(k) = -k - 17. Calculate q(-4).
-13
Let s(a) = 22*a - 1633. What is s(74)?
-5
Let z(g) = -g**3 - 4*g**2 + 9*g - 11. Give z(-6).
7
Let l(o) = o**3 - 3*o**2 + o + 6. Determine l(3).
9
Let l(w) = -w**3 - 7*w**2 + 5*w + 6. What is l(-8)?
30
Let b(g) = -10*g - 21. Determine b(-3).
9
Let k(g) = -g**2 + g + 9. Calculate k(-4).
-11
Let n(y) = 5*y**2 + 2*y - 12. Give n(-2).
4
Let o(r) = -5*r**2 + 5*r + 5. Calculate o(3).
-25
Let w(a) = a**3 + 9*a**2 + 3*a + 12. Give w(-9).
-15
Let o(a) = a**2 - 8*a + 1. What is o(3)?
-14
Let h(m) = 8*m + 95. Give h(-11).
7
Let s(d) = 2*d**2 + 22*d - 12. Give s(-11).
-12
Let v(n) = n**3 + 10*n**2 + 15*n + 51. Calculate v(-9).
-3
Let s(c) = -c**2 - 10*c - 16. What is s(-5)?
9
Let c(l) = 6*l + 32. What is c(-15)?
-58
Let f(r) = -55*r**2 - 2*r - 3. What is f(-1)?
-56
Let g(l) = l**3 - 20*l**2 - 20*l - 35. What is g(21)?
-14
Let f(g) = g**2 - 12*g - 54. What is f(-4)?
10
Let x(a) = 3*a + 33. What is x(9)?
60
Let a(p) = 40*p + 96. Determine a(-2).
16
Let k(i) = i**2 - 25*i - 150. What is k(-5)?
0
Let d(b) = 4*b - 2. Calculate d(7).
26
Let r(t) = 37*t - 1. Determine r(4).
147
Let t(f) = -f**3 + 7*f**2 + 19*f - 17. Determine t(9).
-8
Let o(q) = -q - 20. Determine o(-17).
-3
Let t(f) = 2*f - 8. Give t(6).
4
Let c(q) = -3*q - 11. Give c(-10).
19
Let c(m) = m**2 - 10*m + 16. Give c(7).
-5
Let o(p) = -3*p**2. What is o(-2)?
-12
Let h(n) = -8*n - 51. What is h(-8)?
13
Let d(h) = 13*h - 14. What is d(-4)?
-66
Let i(x) = x**3 + 11*x**2 + 10. What is i(0)?
10
Let r(m) = -7*m - 12. Give r(-3).
9
Let b(t) = -t**3 - 4*t**2 + 14*t + 5. Calculate b(-6).
-7
Let l(w) = -5*w**3 - w - 1. Calculate l(2).
-43
Let c(a) = 6*a + 2. What is c(-3)?
-16
Let g(w) = 3*w**2 - 5*w + 6. Determine g(3).
18
Let b(u) = -u**3 - 11*u**2 - 3*u - 27. What is b(-11)?
6
Let f(z) = 27*z**2 + z - 1. Determine f(1).
27
Let g(y) = 2*y**2 + y - 4. Give g(0).
-4
Let z(r) = r**3 - r**2 - r + 8. Give z(0).
8
Let r(a) = 13*a**2 - a - 1. What is r(-1)?
13
Let m(i) = -i**2 - 5*i - 3. Calculate m(-6).
-9
Let x(g) = g**2 + 16*g + 35. What is x(-16)?
35
Let f(y) = 4*y**2 - 23*y + 7. Determine f(5).
-8
Let r(z) = -z**3 - 11*z**2 - 10*z - 6. Calculate r(-10).
-6
Let k(t) = 22*t + 335. What is k(-15)?
5
Let x(d) = 24*d - 4. What is x(-2)?
-52
Let i(w) = 2*w + 43. Calculate i(-22).
-1
Let r(y) = 2*y + 4. Give r(8).
20
Let l(k) = -2*k + 5. Determine l(-1).
7
Let k(b) = 21*b - 51. Give k(5).
54
Let v(i) = -i**2 - 8*i - 6. Give v(-9).
-15
Let l(f) = 13*f**2 + 8*f + 7. Give l(-2).
43
Let d(k) = -k**2 - 8*k + 13. Calculate d(-7).
20
Let d(s) = -177*s - 189. Give d(-1).
-12
Let b(d) = -18*d - 5. Give b(4).
-77
Let v(t) = -t**3 + 4*t**2 - 21*t + 141. Give v(5).
11
Let u(f) = f**2 + 2*f - 9. Determine u(0).
-9
Let h(r) = r**3 - 47*r**2 + 87*r + 147. Calculate h(45).
12
Let a(s) = s + 23. Calculate a(-10).
13
Let c(s) = 3*s**3 - 2*s**2 - 4*s + 2. Determine c(3).
53
Let p(x) = 2*x + 4. Give p(8).
20
Let p(i) = -i**3 + 9*i**2 + 5*i + 29. Determine p(10).
-21
Let f(l) = 43*l. What is f(1)?
43
Let w(r) = -r + 20. Determine w(6).
14
Let q(n) = n**2 - 3*n - 6. What is q(5)?
4
Let y(o) = 36*o - 8. Give y(2).
64
Let n(q) = 12*q - 29. Give n(3).
7
Let v(h) = 3*h**2 - 9*h - 21. What is v(-2)?
9
Let i(n) = n**3 - 9*n**2 + 5*n + 8. What is i(6)?
-70
Let b(f) = -2*f**2 - 5*f - 3. What is b(-3)?
-6
Let m(d) = d**2 + 2*d + 6. Give m(-3).
9
Let g(z) = z**3 - 10*z**2 + 13*z + 13. Give g(7).
-43
Let t(b) = b**3 + 6*b**2 - b - 7. Calculate t(-6).
-1
Let g(t) = t**2 + 14*t - 13. Determine g(-14).
-13
Let c(r) = 7*r - 12. Calculate c(5).
23
Let p(b) = b**2 - 7*b + 10. Determine p(3).
-2
Let m(b) = 33*b - 4. Determine m(-4).
-136
Let b(w) = w**2 - 16*w - 40. Determine b(18).
-4
Let p(f) = 4*f - 23. Determine p(6).
1
Let w(c) = -c**3 - 6*c**2 - 7*c - 7. What is w(-5)?
3
Let s(r) = -r**2 - 11*r - 22. Determine s(-9).
-4
Let o(j) = -j**3 + 9*j**2 + j + 6. Give o(9).
15
Let b(g) = -167*g + 2. Give b(0).
2
Let k(l) = -l - 6. Calculate k(6).
-12
Let z(p) = 2*p + 1. What is z(1)?
3
Let m(b) = -46*b - 555. Determine m(-12).
-3
Let b(d) = d**3 - 12*d**2 + 9*d + 25. Calculate b(11).
3
Let o(f) = f**2 + 8*f - 12. Give o(-14).
72
Let r(w) = -16*w + 63. Calculate r(8).
-65
Let f(c) = 31*c - 3. What is f(2)?
59
Let p(m) = -2*m**2 - 3*m + 1. What is p(-3)?
-8
Let h(a) = 8*a - 44. Determine h(15).
76
Let q(n) = 15*n - 139. Determine q(12).
41
Let n(k) = -k**3 + 25*k**2 - 4*k + 94. Calculate n(25).
-6
Let j(i) = i**3 + 11*i**2 + 14*i - 37. Give j(-9).
-1
Let n(c) = 2*c - 14. Give n(-15).
-44
Let p(f) = -5*f + 10. What is p(7)?
-25
Let d(o) = -o**2 + 4. Give d(3).
-5
Let p(o) = o**3 + 15*o**2 + 31*o + 56. What is p(-13)?
-9
Let p(t) = t**2 + 17*t - 426. Determine p(14).
8
Let w(a) = 3*a**2 - 23*a - 4. Determine w(8).
4
Let i(l) = -l + 8. Calculate i(-7).
15
Let m(r) = -2*r - 5. Give m(-7).
9
Let l(h) = h + 14. Calculate l(31).
45
Let b(p) = p**2 - p + 46. Calculate b(0).
46
Let h(p) = p**2 - 7*p - 1. Give h(7).
-1
Let q(n) = -2*n**2 - 28*n + 4. Determine q(-14).
4
Let m(t) = 3*t**3 - 9*t - 8. What is m(-1)?
-2
Let x(l) = 2*l**2 + 26*l + 64. Determine x(-3).
4
Let y(b) = 4*b + 29. Calculate y(-9).
-7
Let w(j) = 6*j**2 - 9*j + 6. Determine w(4).
66
Let x(s) = 2*s**2 - 15*s - 11. Calculate x(8).
-3
Let u(p) = -6*p. Determine u(7).
-42
Let q(o) = -6*o + 21. What is q(-3)?
39
Let v(q) = -4*q + 58. Give v(11).
14
Let c(h) = 8*h**2 - 87*h - 4. Determine c(11).
7
Let t(q) = -q**3 - q**2 + 2*q - 13. Determine t(0).
-13
Let j(s) = -s**3 - 2*s**2 - 3. Calculate j(3).
-48
Let u(a) = a**3 + 6*a**2 - a - 4. Determine u(-6).
2
Let v(j) = 9*j + 59. Determine v(-6).
5
Let n(l) = -l**3 - 10*l**2 + 10*l + 8. What is n(-11)?
19
Let h(i) = -18*i + 96. Calculate h(4).
24
Let k(r) = -r**2 + 7*r - 6. Determine k(-4).
-50
Let s(n) = 27*n + 162. Give s(-6).
0
Let w(z) = z**2 + 7*z + 24. Give w(-7).
24
Let p(d) = d**3 + 11*d**2 + 4*d - 1. Calculate p(-11).
-45
Let z(y) = y**3 + 46*y**2 + 90*y + 85. Determine z(-44).
-3
Let l(s) = -19*s**3 - s**2 + 2*s - 1. Calculate l(1).
-19
Let q(o) = -o**3 + 6*o**2 - 10*o + 13. Give q(5).
-12
Let o(m) = m**3 + 11*m**2 + 9*m - 6. Calculate o(-10).
4
Let z(o) = -o + 39. Calculate z(-9).
48
Let o(v) = 2*v**2 + 3*v + 6. Calculate o(-2).
8
Let g(a) = a**3 - 7*a**2 - 13*a + 18. Determine g(8).
-22
Let w(x) = x**2 - 5*x - 2. Calculate w(4).
-6
Let r(t) = t**3 - 10*t**2 + 5*t - 57. What is r(10)?
-7
Let j(r) = -3*